3?
2475
What is the remainder when 47561752 is divided by 145?
12
Calculate the remainder when 1372160 is divided by 3388.
20
What is the remainder when 10771055 is divided by 469?
1
Calculate the remainder when 19399874 is divided by 259.
256
Calculate the remainder when 28695 is divided by 13780.
1135
Calculate the remainder when 499779068 is divided by 1152.
1148
Calculate the remainder when 888540645 is divided by 395.
390
Calculate the remainder when 24299186 is divided by 589.
580
Calculate the remainder when 92506266 is divided by 291.
276
What is the remainder when 2241308 is divided by 280162?
12
Calculate the remainder when 4395202 is divided by 353.
352
Calculate the remainder when 839919 is divided by 8076.
15
What is the remainder when 32627 is divided by 3720?
2867
Calculate the remainder when 64314 is divided by 213.
201
Calculate the remainder when 143170 is divided by 47311.
1237
What is the remainder when 25213192 is divided by 16?
8
Calculate the remainder when 30432 is divided by 551.
127
Calculate the remainder when 7373365 is divided by 1946.
1917
Calculate the remainder when 198167 is divided by 10977.
581
What is the remainder when 32996973 is divided by 219?
24
Calculate the remainder when 190899974 is divided by 525.
524
Calculate the remainder when 45113 is divided by 19462.
6189
Calculate the remainder when 943280 is divided by 20945.
755
What is the remainder when 79520 is divided by 1450?
1220
Calculate the remainder when 13681696 is divided by 804805.
11
Calculate the remainder when 24616 is divided by 7800.
1216
Calculate the remainder when 2755960 is divided by 551190.
10
What is the remainder when 16623 is divided by 3239?
428
What is the remainder when 288965 is divided by 288885?
80
What is the remainder when 4545364 is divided by 74514?
10
Calculate the remainder when 8394 is divided by 7127.
1267
What is the remainder when 364656 is divided by 350?
306
What is the remainder when 1346621035 is divided by 98?
95
Calculate the remainder when 1072960 is divided by 536375.
210
What is the remainder when 83509 is divided by 564?
37
What is the remainder when 114468 is divided by 726?
486
Calculate the remainder when 501513 is divided by 250752.
9
What is the remainder when 2198984 is divided by 2367?
41
What is the remainder when 72583 is divided by 62349?
10234
What is the remainder when 3290007 is divided by 42727?
28
What is the remainder when 807268 is divided by 50430?
388
What is the remainder when 86521 is divided by 84435?
2086
What is the remainder when 227267 is divided by 8741?
1
Calculate the remainder when 31248 is divided by 9989.
1281
Calculate the remainder when 276264 is divided by 61.
56
Calculate the remainder when 164324526 is divided by 91.
2
What is the remainder when 3961715001 is divided by 4446?
4443
Calculate the remainder when 320635 is divided by 2506.
2373
Calculate the remainder when 5028 is divided by 717.
9
What is the remainder when 7030031 is divided by 581?
512
Calculate the remainder when 42959544 is divided by 65.
4
Calculate the remainder when 59686 is divided by 3043.
1869
What is the remainder when 308543 is divided by 7175?
18
What is the remainder when 868241 is divided by 647?
614
What is the remainder when 209304 is divided by 1066?
368
What is the remainder when 822821 is divided by 2707?
2600
Calculate the remainder when 197340 is divided by 13703.
5498
What is the remainder when 308479 is divided by 530?
19
Calculate the remainder when 835085 is divided by 2689.
1495
What is the remainder when 336785 is divided by 168385?
15
What is the remainder when 105393053 is divided by 5855169?
11
Calculate the remainder when 7735432 is divided by 776.
264
Calculate the remainder when 2279819 is divided by 8.
3
Calculate the remainder when 24473910 is divided by 8157967.
9
What is the remainder when 2680399 is divided by 15767?
9
What is the remainder when 435932025 is divided by 16?
9
Calculate the remainder when 19460569 is divided by 39.
37
What is the remainder when 508996 is divided by 3417?
3280
Calculate the remainder when 3728824 is divided by 219342.
10
What is the remainder when 24630 is divided by 3509?
67
What is the remainder when 4751753 is divided by 2413?
556
Calculate the remainder when 539907 is divided by 769.
69
What is the remainder when 5589 is divided by 2381?
827
What is the remainder when 8711060 is divided by 1737?
5
Calculate the remainder when 7705178 is divided by 171225.
53
Calculate the remainder when 48337361 is divided by 23.
9
Calculate the remainder when 17530439 is divided by 322.
115
Calculate the remainder when 2067870 is divided by 689269.
63
What is the remainder when 48290 is divided by 1180?
1090
What is the remainder when 1502225 is divided by 118?
85
What is the remainder when 7839883 is divided by 3919922?
39
Calculate the remainder when 3196274 is divided by 45661.
4
Calculate the remainder when 13014547 is divided by 1859210.
77
What is the remainder when 2846892 is divided by 406695?
27
What is the remainder when 368087 is divided by 11866?
241
What is the remainder when 104765 is divided by 26189?
9
What is the remainder when 30612075 is divided by 784923?
78
Calculate the remainder when 567892 is divided by 1925.
17
What is the remainder when 9684097 is divided by 3869?
3859
What is the remainder when 124635067 is divided by 255?
247
What is the remainder when 313681 is divided by 1270?
1261
Calculate the remainder when 458117 is divided by 228874.
369
What is the remainder when 12005105 is divided by 489?
155
Calculate the remainder when 629196 is divided by 6839.
8
Calculate the remainder when 488940 is divided by 122234.
4
What is the remainder when 12991409 is divided by 23?
20
Calculate the remainder when 2765098 is divided by 76.
66
Calculate the remainder when 11737558 is divided by 22063.
42
Calculate the remainder when 38739542 is divided by 1926.
1904
What is the remainder when 42027865 is divided by 19?
17
Calculate the remainder when 708775 is divided by 236255.
10
What is the remainder when 678296 is divided by 56498?
320
What is the remainder when 24867371 is divided by 2143?
2142
Calculate the remainder when 11487621 is divided by 24.
21
What is the remainder when 1883714 is divided by 627904?
2
Calculate the remainder when 28660788 is divided by 1694.
2
What is the remainder when 569621 is divided by 6?
5
Calculate the remainder when 438656457 is divided by 555.
552
Calculate the remainder when 1178053 is divided by 74.
47
Calculate the remainder when 156858 is divided by 3605.
1843
Calculate the remainder when 122819449 is divided by 5848545.
4
What is the remainder when 57798768 is divided by 51560?
8
What is the remainder when 8490238 is divided by 1061278?
14
Calculate the remainder when 94814 is divided by 255.
209
What is the remainder when 1267861 is divided by 1898?
1895
What is the remainder when 16321750 is divided by 17?
16
Calculate the remainder when 58119548 is divided by 1851.
1850
What is the remainder when 1471974 is divided by 554?
550
What is the remainder when 36751804 is divided by 131?
16
What is the remainder when 2151664 is divided by 33?
31
Calculate the remainder when 102399 is divided by 102262.
137
Calculate the remainder when 34083 is divided by 2479.
1856
Calculate the remainder when 341885390 is divided by 1574.
1572
Calculate the remainder when 213193 is divided by 154.
57
What is the remainder when 9216908 is divided by 418950?
8
Calculate the remainder when 58111 is divided by 590.
291
What is the remainder when 1903946 is divided by 25729?
0
What is the remainder when 7045494 is divided by 84?
78
What is the remainder when 33201720 is divided by 1581034?
6
What is the remainder when 59583 is divided by 8818?
6675
Calculate the remainder when 2295875 is divided by 2295811.
64
Calculate the remainder when 6038353 is divided by 104.
9
What is the remainder when 139789 is divided by 1790?
169
What is the remainder when 591338033 is divided by 295669009?
15
What is the remainder when 19187739 is divided by 18153?
18
Calculate the remainder when 1930781 is divided by 420.
41
What is the remainder when 2151209 is divided by 1344?
809
Calculate the remainder when 1216236 is divide